e 53176?
True
Is 157 a factor of 52281?
True
Does 14 divide 313376?
True
Is 88209 a multiple of 11?
True
Is 183 a factor of 251344?
False
Is 19482980 a multiple of 869?
True
Is 685 a factor of 1163815?
True
Does 585 divide 5588654?
False
Does 39 divide 1590030?
True
Does 30 divide 308348?
False
Is 5 a factor of 40299?
False
Is 571 a factor of 1128296?
True
Is 4027282 a multiple of 14?
True
Is 616235 a multiple of 11?
False
Is 1217620 a multiple of 50?
False
Does 448 divide 954688?
True
Does 161 divide 56110?
False
Is 1226 a factor of 22121944?
True
Does 151 divide 120251?
False
Is 30004 a multiple of 54?
False
Does 13 divide 360084?
False
Is 521 a factor of 962737?
False
Is 4872076 a multiple of 116?
False
Is 6 a factor of 167291?
False
Does 1599 divide 3300336?
True
Does 341 divide 1065907?
False
Is 182 a factor of 30940?
True
Does 26 divide 8944?
True
Does 679 divide 266847?
True
Is 36 a factor of 35532?
True
Is 93430 a multiple of 4?
False
Does 346 divide 1741418?
True
Does 379 divide 14300807?
True
Is 13 a factor of 10461450?
False
Is 26058 a multiple of 15?
False
Does 61 divide 684869?
False
Does 33 divide 4687271?
False
Does 50 divide 208693?
False
Is 679536 a multiple of 176?
True
Does 114 divide 51079?
False
Is 104 a factor of 442520?
True
Is 37007 a multiple of 2?
False
Is 57 a factor of 5607489?
True
Is 5 a factor of 204587?
False
Does 17 divide 160599?
True
Is 61 a factor of 71980?
True
Does 207 divide 7367751?
True
Is 3631660 a multiple of 503?
True
Is 5 a factor of 105855?
True
Is 3 a factor of 931532?
False
Does 267 divide 10403195?
False
Is 401752 a multiple of 613?
False
Is 145 a factor of 128180?
True
Is 1305319 a multiple of 252?
False
Is 3519074 a multiple of 59?
False
Is 15 a factor of 586468?
False
Is 9 a factor of 150522?
False
Does 422 divide 3036742?
False
Does 25 divide 700?
True
Is 29 a factor of 998288?
False
Is 369897 a multiple of 121?
True
Does 3 divide 15029?
False
Does 42 divide 189802?
False
Does 59 divide 273229?
True
Does 648 divide 3651527?
False
Is 27 a factor of 11169194?
False
Is 17 a factor of 185232?
True
Is 204 a factor of 891751?
False
Is 274 a factor of 2408348?
False
Is 197750 a multiple of 70?
True
Does 8 divide 3037504?
True
Is 5455358 a multiple of 5?
False
Does 119 divide 11316186?
True
Is 26 a factor of 2544204?
True
Is 7 a factor of 4367951?
True
Is 1545042 a multiple of 324?
False
Is 5 a factor of 4174278?
False
Is 3720860 a multiple of 1430?
True
Does 14 divide 479268?
False
Is 19170184 a multiple of 88?
True
Is 121467 a multiple of 1013?
False
Is 3282816 a multiple of 83?
True
Is 91 a factor of 881062?
True
Is 32 a factor of 152640?
True
Does 22 divide 30424482?
True
Does 100 divide 3700?
True
Is 58 a factor of 173573?
False
Is 5212 a multiple of 4?
True
Is 2983106 a multiple of 14?
True
Is 180 a factor of 583920?
True
Is 83 a factor of 93840?
False
Is 30 a factor of 61320?
True
Is 258 a factor of 1713579?
False
Is 455112 a multiple of 20?
False
Is 815366 a multiple of 86?
True
Is 27524 a multiple of 28?
True
Is 1010691 a multiple of 307?
False
Does 67 divide 141303?
True
Is 7 a factor of 3653?
False
Is 227050 a multiple of 25?
True
Does 165 divide 535461?
False
Does 730 divide 17595234?
False
Is 2078277 a multiple of 3?
True
Is 91 a factor of 6036394?
True
Is 15124110 a multiple of 52?
False
Is 3498745 a multiple of 23?
False
Is 428220 a multiple of 305?
True
Is 42 a factor of 1999494?
True
Is 85 a factor of 304409?
False
Does 8 divide 97326?
False
Does 86 divide 3597941?
False
Is 24 a factor of 2464913?
False
Is 199346 a multiple of 203?
True
Is 26 a factor of 3813244?
False
Does 517 divide 2988777?
True
Is 2848670 a multiple of 235?
True
Is 1040 a factor of 12565280?
True
Is 2572128 a multiple of 16?
True
Is 18599 a multiple of 8?
False
Is 165 a factor of 4945875?
True
Is 655226 a multiple of 22?
True
Does 262 divide 515354?
True
Is 10 a factor of 17361261?
False
Is 156 a factor of 12029628?
True
Is 1734480 a multiple of 99?
True
Does 18 divide 138935?
False
Is 1441770 a multiple of 255?
True
Is 4 a factor of 173711?
False
Is 422855 a multiple of 285?
False
Does 9 divide 312581?
False
Does 403 divide 6003491?
True
Is 171 a factor of 1836198?
True
Does 118 divide 4721298?
True
Is 64 a factor of 1249472?
True
Is 7 a factor of 67437?
False
Does 321 divide 18245319?
True
Is 234 a factor of 277324?
False
Is 1566258 a multiple of 41?
False
Does 60 divide 18449661?
False
Is 49 a factor of 19460?
False
Is 6252804 a multiple of 601?
True
Is 217 a factor of 463946?
True
Does 28 divide 185270?
False
Does 40 divide 7806?
False
Does 571 divide 2277148?
True
Does 44 divide 18127988?
False
Does 15 divide 200481?
False
Does 241 divide 55894?
False
Does 3 divide 178224?
True
Does 235 divide 5768317?
False
Is 890883 a multiple of 179?
True
Is 6 a factor of 13984?
False
Is 4 a factor of 16100?
True
Is 26 a factor of 160246?
False
Is 22 a factor of 1788082?
False
Does 206 divide 1923773?
False
Does 158 divide 661072?
True
Is 1351 a factor of 3612860?
False
Does 3 divide 278097?
True
Is 357 a factor of 904638?
True
Is 34 a factor of 37638?
True
Is 50 a factor of 9877814?
False
Does 575 divide 421535?
False
Is 5 a factor of 310259?
False
Is 374330 a multiple of 82?
True
Is 386 a factor of 264133?
False
Does 120 divide 1610040?
True
Does 63 divide 195298?
False
Does 145 divide 258317?
False
Is 561107 a multiple of 31?
False
Is 87758 a multiple of 134?
False
Does 25 divide 600600?
True
Is 21404540 a multiple of 430?
True
Is 39 a factor of 1928238?
True
Is 456800 a multiple of 3?
False
Is 94 a factor of 308122?
False
Is 4564340 a multiple of 20?
True
Is 362850 a multiple of 82?
True
Is 153090 a multiple of 70?
True
Is 1675941 a multiple of 78?
False
Is 118279 a multiple of 277?
True
Does 411 divide 5493426?
True
Does 773 divide 5249443?
True
Is 9 a factor of 2375451?
True
Does 108 divide 9817664?
False
Does 272 divide 1885149?
False
Is 119 a factor of 2573256?
True
Is 310 a factor of 766630?
True
Does 27 divide 2255126?
False
Is 137 a factor of 250299?
True
Does 29 divide 228995?
False
Is 581217 a multiple of 2?
False
Is 186 a factor of 1158222?
True
Does 38 divide 40679?
False
Is 125 a factor of 861416?
False
Does 110 divide 503800?
True
Does 3 divide 99892?
False
Is 9345 a multiple of 85?
False
Is 2 a factor of 2465?
False
Is 140058 a multiple of 336?
False
Is 3094234 a multiple of 11?
True
Is 35 a factor of 5836108?
False
Does 58 divide 220751?
False
Is 339 a factor of 7143042?
False
Is 5718672 a multiple of 174?
False
Is 431794 a multiple of 209?
True
Does 8 divide 234661?
False
Is 24255 a multiple of 15?
True
Is 63 a factor of 3810091?
False
Is 40 a factor of 150948?
False
Is 465032 a multiple of 51?
False
Is 142 a factor of 372608?
True
Does 27 divide 149015?
False
Is 155550 a multiple of 51?
True
Is 17 a factor of 381458?
False
Is 388 a factor of 34532?
True
Is 7416 a multiple of 24?
True
Is 14 a factor of 1023680?
True
Is 2632656 a multiple of 97?
False
Does 9 divide 676989?
True
Is 23 a factor of 24380?
True
Is 673576 a multiple of 313?
True
Does 85 divide 33348166?
False
Does 10 divide 61770?
True
Is 425 a factor of 14330150?
True
Is 3083 a factor of 6636798?
False
Is 9 a factor of 15304?
False
Does 79 divide 15010?
True
Does 98 divide 269206?
True
Does 262 divide 1920828?
False
Is 130379 a multiple of 181?
False
Does 1203 divide 7199955?
True
Is 11 a factor of 5715523?
True
Does 37 divide 7252?
True
Is 263 a factor of 377405?
True
Does 62 divide 253332?
True
Does 96 divide 575424?
True
Does 27 divide 453330?
True
Is 217 a factor of 407529?
False
Is 283444 a multiple of 14?
True
Is 615852 a multiple of 4?
True
Does 37 divide 70781?
True
Is 666 a factor of 1647684?
True
Is 389592 a multiple of 252?
True
Does 63 divide 207864?
False
Is 795277 a multiple of 41?
True
Is 711409 a multiple of 293?
False
Does 10 divide 255695?
False
Does 73 divide 143139?
False
Is 875240 a multiple of 20?
True
Is 4589902 a multiple of 8?
False
Is 768 a factor of 2926395?
False
Is 115792 a multiple of 8?
True
Is 362272 a multiple of 32?
True
Is 131950 a multiple of 175?
True
Does 3 divide 740696?
False
Does 2 divide 266792?
True
Is 42185 a multiple of 36?
False
Does 44 divide 3906460?
False
Does 395 divide 6311310?
True
D